?
False
Is 1055041991 prime?
False
Is 38916542879 prime?
True
Is 384394237 a prime number?
True
Is 379636754983 a prime number?
True
Is 154786580321 a prime number?
False
Is 685101777 a composite number?
True
Is 7255545527 a prime number?
True
Is 21975677021 composite?
True
Is 11065095247 a composite number?
False
Is 2128010491 prime?
True
Is 2458989581 a composite number?
True
Is 1280016289 prime?
False
Is 5070124547 a composite number?
False
Is 8565313667 a prime number?
True
Is 4415962513 composite?
False
Is 93440868487 a composite number?
False
Is 19115425213 a prime number?
True
Is 4879174591 a composite number?
True
Is 15618952427 prime?
False
Is 17037996529 a prime number?
True
Is 118820362 a prime number?
False
Is 202655951 composite?
False
Is 2443282027 composite?
False
Is 31143632309 a prime number?
True
Is 22162891661 a prime number?
False
Is 527680271 a composite number?
False
Is 9842209106 a composite number?
True
Is 74492750945 a prime number?
False
Is 22657781 composite?
False
Is 7661082145 composite?
True
Is 28660818649 prime?
False
Is 243647357 prime?
False
Is 24827039761 composite?
False
Is 2327330179 a prime number?
False
Is 2730747709 prime?
True
Is 15769949945 prime?
False
Is 27019765705 a composite number?
True
Is 2201477771 composite?
False
Is 5611449549 a prime number?
False
Is 70258418303 prime?
False
Is 38278921277 prime?
True
Is 442525541 a composite number?
True
Is 2103938293 prime?
True
Is 1788246143 a prime number?
False
Is 4825230923 composite?
True
Is 704952713 a composite number?
True
Is 101086729 a prime number?
True
Is 992085791 a composite number?
False
Is 4453911857 a composite number?
True
Is 21333073163 composite?
False
Is 21438445879 composite?
False
Is 90013130609 a prime number?
True
Is 446386217 a composite number?
False
Is 495797321 composite?
True
Is 131637760807 prime?
False
Is 17070423649 a prime number?
True
Is 11787925313 a prime number?
False
Is 10643817571 composite?
True
Is 92452354879 prime?
True
Is 4009054687 a prime number?
False
Is 21229322531 prime?
False
Is 2449405082 prime?
False
Is 3316107359 a composite number?
False
Is 1765284593 composite?
True
Is 301302367 prime?
False
Is 1032894271 composite?
True
Is 96457961 composite?
False
Is 1966137151 a composite number?
True
Is 219140491 a prime number?
True
Is 1083607961 a composite number?
False
Is 598107649 a composite number?
True
Is 2242145111 a prime number?
True
Is 18192620519 a prime number?
True
Is 9782324533 a prime number?
False
Is 232812451 composite?
True
Is 149685321 prime?
False
Is 38215447 prime?
False
Is 10863157139 composite?
False
Is 760606285 a composite number?
True
Is 4361958467 composite?
True
Is 1132344506 a composite number?
True
Is 5900720038 a prime number?
False
Is 309345511 prime?
True
Is 13939089107 a prime number?
True
Is 2388932401 prime?
False
Is 82368078203 prime?
False
Is 4851770663 prime?
True
Is 31541125285 a composite number?
True
Is 59520530731 composite?
True
Is 36593369723 composite?
False
Is 1309806881 a composite number?
False
Is 38754028361 a prime number?
True
Is 12883847621 composite?
False
Is 3523565597 composite?
True
Is 24227223382 a prime number?
False
Is 16322281 prime?
True
Is 16380706399 a composite number?
True
Is 47388720767 prime?
True
Is 106455401573 composite?
False
Is 1273009811 prime?
True
Is 3247573073 a composite number?
False
Is 361091873 a prime number?
False
Is 275864203 composite?
True
Is 44105494643 composite?
True
Is 6211634018 a prime number?
False
Is 138218441 prime?
False
Is 7674169897 prime?
False
Is 51978162361 a prime number?
True
Is 189942037 a composite number?
True
Is 905184047 a prime number?
False
Is 229138685799 prime?
False
Is 1066442939 prime?
True
Is 884598133 a composite number?
True
Is 10671932873 prime?
False
Is 25693803917 prime?
True
Is 13678444319 a prime number?
True
Is 39577335089 a composite number?
False
Is 480348229 a composite number?
False
Is 1872564599 a prime number?
True
Is 7336186451 a prime number?
False
Is 8712361519 composite?
False
Is 743622343 a composite number?
False
Is 81137895211 prime?
False
Is 1243215445 composite?
True
Is 1753551391 prime?
False
Is 14088939773 a prime number?
True
Is 2312796043 a prime number?
True
Is 337643123 composite?
False
Is 33682471439 a composite number?
False
Is 7513308473 a composite number?
True
Is 10241268997 composite?
True
Is 8817524593 prime?
False
Is 192196189687 a composite number?
False
Is 2841468109 a composite number?
False
Is 1016825795 a prime number?
False
Is 929006753 composite?
False
Is 514275077 composite?
False
Is 6367551401 a prime number?
False
Is 30025928293 composite?
True
Is 3808935503 a prime number?
False
Is 371592491 a composite number?
False
Is 97285371041 a composite number?
False
Is 8509535806 a prime number?
False
Is 3314443477 prime?
False
Is 128367907 prime?
True
Is 556039609 prime?
True
Is 3457686797 a prime number?
False
Is 11702992451 a prime number?
True
Is 3197220553 a composite number?
False
Is 1370971471 a prime number?
False
Is 5939790641 prime?
False
Is 1342801121 prime?
False
Is 42089944857 prime?
False
Is 7179420829 a prime number?
False
Is 25184471737 a prime number?
False
Is 4667641157 a prime number?
True
Is 3219699403 prime?
True
Is 864759041 prime?
True
Is 16080446099 a prime number?
True
Is 23327493073 prime?
False
Is 26003961491 a composite number?
True
Is 367451831 prime?
False
Is 172623181 composite?
False
Is 170078111 a prime number?
False
Is 430317443 composite?
False
Is 8965405697 composite?
False
Is 1354185919 composite?
True
Is 10040749231 composite?
False
Is 556556963 a composite number?
False
Is 5463454453 composite?
False
Is 1554538049 composite?
True
Is 6219272921 a prime number?
True
Is 46745291469 prime?
False
Is 104340983 a composite number?
False
Is 3813366829 a prime number?
True
Is 9976681763 a prime number?
False
Is 3952271 a prime number?
False
Is 4194476129 a prime number?
False
Is 1549543031 prime?
False
Is 125269453163 a composite number?
True
Is 61162890587 composite?
True
Is 1885825037 a composite number?
True
Is 54944141257 composite?
False
Is 18415638769 a composite number?
True
Is 11792204497 composite?
True
Is 31721681473 composite?
False
Is 2298276697 a prime number?
True
Is 275425201 prime?
True
Is 431502447 a prime number?
False
Is 33920611 composite?
False
Is 279258883 composite?
True
Is 76146863389 composite?
False
Is 1343355179 composite?
False
Is 8106943109 a prime number?
False
Is 1431416183 a prime number?
True
Is 4354637711 composite?
True
Is 56031869273 composite?
True
Is 6405277783 a prime number?
False
Is 44525372053 a composite number?
True
Is 629326249 composite?
False
Is 16408911133 a prime number?
False
Is 3419485457 a composite number?
True
Is 56515817 a prime number?
True
Is 1595037131 composite?
False
Is 18349855843 prime?
False
Is 331845743 composite?
False
Is 3125987 a prime number?
False
Is 7121459729 prime?
True
Is 283172983 composite?
False
Is 247467372307 prime?
True
Is 13885887653 composite?
True
Is 738579577 composite?
False
Is 38280659647 a composite number?
False
Is 131768906111 a composite number?
True
Is 19700733923 a prime number?
False
Is 18610907059 a prime number?
True
Is 547204181 a composite number?
False
Is 50790079471 composite?
False
Is 2601649709 composite?
True
Is 2743413963 composite?
True
Is 1728357847 a prime number?
True
Is 82500017 a prime number?
True
Is 51379668907 prime?
False
Is 1941071203 a prime number?
False
Is 654682913 a prime number?
True
Is 6080757262 a prime number?
False
Is 18138487063 prime?
True
Is 24887544583 a prime number?
False
Is 1777657493 composite?
False
Is 972505229 a composite number?
True
Is 44540819617 prime?
False
Is 622860769 composite?
True
Is 25695412597 a prime number?
False
Is 1324386449 a composite number?
True
Is 7592561209 a composite number?
True
Is 82331280709 a prime number?
True
Is 16124444143 a prime number?
True
Is 53696491201 a composite number?
False
Is 5890316569 composite?
True
Is 55242391 prime?
True
Is 3781433711 a prime number?
False
Is 1696731949 a composite number?
True
Is 14090693917 a composite number?
False
Is 226335287 a composite number?
False
Is 80264147 a composite number?
False
Is 1096237643 prime?
False
Is 16512836149